?
True
Suppose 0 = -c - c + q + 10917, 5*q = 3*c - 16386. Suppose -c - 17913 = 6*h. Let j = -2672 - h. Is j a prime number?
True
Let a = -31304 - -121963. Is a a prime number?
True
Suppose 4*b = 3*b + 4*t + 25, -t = -5*b + 30. Suppose 6*y = b*y + 7. Suppose -y*f = -18435 + 5170. Is f a prime number?
False
Let v(y) = -345*y - 27 - 8 + 2. Let g be v(-10). Is g/13 - 26/(-169) composite?
False
Suppose 0*g - 12 = -4*g. Suppose 2*p + 1438 = 4*h + 4*p, g*h - 3*p - 1101 = 0. Let m = h - 4. Is m composite?
True
Suppose -3*r - 2*j = -2, 4*r + 5*j + 13 = 4. Suppose 8*s = 7*s + r. Suppose -w + 3*z = -371, -2*w + 2*z - s*z + 742 = 0. Is w a composite number?
True
Suppose -386*w + 385*w + 116200 = -k, 2*k - 348605 = -3*w. Is w composite?
False
Suppose 0 = 4*p + p - d - 14174, -11344 = -4*p - 4*d. Suppose 2*r + p = 7*r. Suppose 2*c + r = 7*c - 2*l, 4*c = -l + 464. Is c prime?
False
Let j(t) = -11*t**2 - 9*t - 3. Let z(d) = -7*d**2 - 6*d - 2. Let k(f) = 5*j(f) - 8*z(f). Let r be k(-3). Is 526/(-3 - -5*(r - 0)) a prime number?
True
Let x = -588 - -895. Let d = 6260 - x. Is d composite?
False
Suppose -25940 = -4*l + 8*l. Let c = l - -15170. Suppose -10*u = -u - c. Is u a composite number?
True
Let u(d) = -15*d + 97. Let p be u(-6). Suppose 1261 = 2*c + 5*h - p, h - 2159 = -3*c. Is c a prime number?
True
Let w = -4548 + 53677. Is w composite?
True
Let t be ((-23492)/(-12))/(2/6*-1). Let c = t + 8770. Is c a composite number?
False
Suppose t = 1000 + 1011. Let d = -500 + t. Is d prime?
True
Suppose -10921 = -5*f - 4*h + 6*h, 0 = -5*f + 5*h + 10930. Suppose -4*t - f = 2*i - 6107, 2*t - 4*i = 1982. Is t a composite number?
False
Suppose -4*t + 4 = 0, 0 = 3*m + t + 955 + 1744. Let f = 129 - m. Let p = f + -656. Is p a composite number?
False
Is (8 - (17 - 12))/(12/725668) prime?
False
Let p = 104984 + -60290. Let x = p - 17539. Is x prime?
False
Let d(b) = 37610*b**2 - 4*b - 7. Is d(-3) a composite number?
True
Let b be (21 - 1155/60) + 2/8. Let v(q) = 2*q**3 - 12*q**2 + 11*q - 5. Let n be v(8). Suppose 2*f + 0*x = -b*x + 226, -3*f = -3*x - n. Is f composite?
False
Let s = -95635 + 139530. Is s composite?
True
Suppose 559*d - 502*d - 17190687 = 0. Is d a prime number?
True
Is (-69109*7/7)/(23/(-115)) a prime number?
False
Let a = -33 + 34. Let o(s) = 8*s + 5. Let w be o(a). Suppose 10*k + 987 = w*k. Is k a composite number?
True
Suppose 0 = -o - 4*d + 7 - 35, o + 25 = -3*d. Let q be o/6*33/(-22). Suppose 0 = 2*c + 4*p - 1598, -c - 3*p = -q*c + 2442. Is c composite?
False
Let v(j) = 2*j**3 - j**2 + 2*j + 26. Let d be v(0). Suppose d*c = 23*c + 11361. Is c a composite number?
True
Suppose 5*z + 56 = -5*n + 361, -3*n = 4*z - 246. Let s = 66 - z. Is 26748/28 + s + (-2)/7 prime?
False
Let l = -8878 - -49889. Is l a prime number?
True
Let l = -17 - -15. Let q be l - (3 - -32*70). Let s = -1542 - q. Is s prime?
False
Suppose 2*d = -4*o - 0*o + 750, -4*o = -5*d + 1833. Let n = d + 124. Is n composite?
True
Is 10*(-478542)/(-150)*(-5)/(-2) a composite number?
False
Let h(a) = -10*a**3 + 2*a - 2. Let j be h(1). Let g = -12 - j. Is (2918/g)/(-8 - -7) a prime number?
True
Let c(a) = -2*a**3 - 2*a**2 - 2*a + 1. Let o be c(-1). Suppose 0 = -q + o*k + 10052, -2*k + 17454 = -3*q + 47631. Is q a prime number?
True
Suppose i + 6*q = 9*q + 10838, 0 = -3*i + 2*q + 32479. Is i prime?
False
Let m(b) = 6*b**2 + 56*b + 35. Let o be m(21). Let a be 5/(20/33688) + 2. Let c = a - o. Is c a prime number?
True
Let d(a) = 3*a + 19. Let y be d(-5). Suppose -8*f + 26240 = -4*f + i, i - y = 0. Is f a composite number?
True
Let g = 18597 + 597. Suppose -110*n + g = -89*n. Is n prime?
False
Let l = 31668 - -290279. Is l composite?
False
Let i(g) = 2*g**2 - 15*g + 12. Let t be i(10). Suppose 53 = 3*j + 2*j - w, 0 = 5*j - 4*w - t. Is 4/j - (-60330)/50 composite?
True
Let t = -451 + 457. Is t/18*-9 + (34030 - 0) prime?
False
Let n(i) = 62297*i + 975. Is n(4) composite?
True
Let k(j) = j**2 - 15*j - 50. Let r be k(18). Let c be (4/(-10))/(2/(-10)). Suppose 4*h + 4*m - 2293 - 1643 = 0, 0 = c*h + r*m - 1958. Is h prime?
False
Let f(g) = 61*g - 47. Let z(b) = b**2 + 8*b + 22. Let c be z(-6). Is f(c) composite?
False
Suppose d - 3*l = 18877, -3*d + 56595 = -52*l + 49*l. Is d a prime number?
True
Let w be (1 - 2)*((-30)/5)/(-6). Let v(t) = -1275*t + 10. Is v(w) composite?
True
Let s(i) = 78*i - 33. Let m be s(-11). Let a be (m/12)/((-4)/(-16)). Is (-3)/(-1) - (a - -2) a prime number?
False
Let q be -3*(-10)/75*10. Suppose 5*o = -4*x + 1036, q*o - 5*x = -x + 836. Suppose f = z - 203 - o, -3*f = 6. Is z prime?
True
Let n(k) = 11*k**2 + 21*k - 22. Let m be n(8). Suppose m = j + 4*j. Suppose 0 = 10*f - 8*f - j. Is f composite?
True
Suppose 0 = -480*i + 484*i - 24860. Let m = i + -1641. Is m composite?
True
Suppose -71*n + 3139278 - 76835 = 0. Is n composite?
False
Suppose -l = 2*k - 656643, -1996*k + 1994*k + 656653 = 3*l. Is k a prime number?
False
Is ((-500978)/(-28))/(8/112) a composite number?
False
Suppose -8*r = -r + 14. Is (-2)/(-4)*r*-97 a composite number?
False
Suppose -24*i + 16 = -20*i - 4*p, 0 = -5*i + 2*p + 26. Let w(l) = 6*l**2 + 4*l - 25. Let f(y) = -6*y**2 - 4*y + 25. Let r(o) = 5*f(o) + 6*w(o). Is r(i) prime?
False
Suppose 0 = 5*f - 5*c - 30, 5*f - 27 = f + 5*c. Is (-6*(-191)/(-8))/(f/(-8)) prime?
False
Let z be (35/(-14))/((-3)/1146). Suppose j + z = -3*n, -4*n - 2*j - 914 = 356. Let i = n + 469. Is i composite?
False
Suppose -6 = -2*p + 4*y, 0 = 5*p - y + 10 - 25. Suppose -3082 = -p*w - t, -t = -5*t + 4. Is w a prime number?
False
Suppose -212*t - 2*c - 1053641 = -215*t, 0 = -5*c + 25. Is t a composite number?
False
Let x(p) = 5*p**2 + 8*p - 11. Suppose 0 = -2*a - 0*a + m + 21, -4*a - 2*m + 22 = 0. Is x(a) a composite number?
False
Suppose 0*g + 14277769 - 99313909 = -180*g. Is g a prime number?
False
Is (-1)/(-3) - (-32660)/12 composite?
True
Let l(p) = 30*p**2 - 5*p + 16. Let a = 343 - 352. Is l(a) a composite number?
True
Suppose -y - 4*p + 344349 + 208896 = 0, p = -y + 553266. Is y prime?
False
Let b = 203266 + -129219. Is b prime?
True
Let h(w) = 24*w + 18. Let s be h(-7). Let t be s/(-4) + 6/12. Suppose 2*f - 720 - t = 0. Is f prime?
True
Let f = -6625 - -2159. Let d = 7465 + f. Is d a prime number?
True
Suppose -2*y = -24 + 64. Let r be -4*(-1)/(y/(-415)). Suppose r*z - 87*z + 1004 = 0. Is z a composite number?
False
Let n(s) = -16*s**2 + 3*s. Let f be n(-2). Let l be (f/21)/((-4)/546). Suppose -2*i - o - 4*o + 241 = 0, 0 = -4*i - o + l. Is i prime?
True
Suppose 123252 = 5*p - 30*z + 31*z, 3*z + 98594 = 4*p. Let g = p + -16741. Is g prime?
False
Suppose 0 = -3*b + 3*s - 2*s + 34, -5*s = 3*b - 10. Suppose -2 = 2*y - b. Is -2*(1 + 36)*(-2)/y a prime number?
True
Let m(g) = 30*g**3 + 42*g**2 - 14*g + 3. Is m(8) a prime number?
True
Suppose 0 = k, 5*d + k - 54 = 2*d. Suppose -8*r = -d - 22. Is -4 + 1365 - -5 - r prime?
True
Suppose -2*t - 6 = -32. Suppose -3*d = -4*u - t, -5*d + 14 = -u - 2. Is d composite?
False
Suppose -63*p - 22191766 = -200*p - 336293. Is p a composite number?
True
Suppose -3*g + 317382 = m, -g + 6644 = 5*m - 99164. Is g a composite number?
True
Suppose -4*l = -2*l + 2*f + 32232, -4*f - 48346 = 3*l. Is l*5/30*-3 a composite number?
False
Let h(k) = -k**2 - 15*k - 34. Let z be h(-5). Let a(u) = 2555*u - 1. Is a(z) a prime number?
True
Suppose -2*k = -2*w - 72, 5*w - 4*k + 179 = -0*k. Let q be (-5)/w + (26268/21 - 1). Is (-7 - q)*14/(-6) prime?
False
Let f(k) = k**2 - 4*k + 13. Let m be f(4). Suppose -9943 = -m*s + 12976. Is s prime?
False
Let v(d) = -5*d**2 + 5 + 3 + 19*d + 14*d**2. Let s(j) = -j - 10. Let h be s(-4). Is v(h) a composite number?
True
Let r(l) = -l**2 + 55*l - 7. Let f be r(24). Let c = f + -646. Is c composite?
True
Let c(y) be the second derivative of -19*y**4/12 + 2*y**3/3 - 21*y**2/2 - 7*y. Let p be c(-11). Let q = p + 3317. Is q composite?
False
Let r = 322810 - -199485. Is r a prime number?
False
Let x(u) = -u**3 - 51*u**2 + 396*u + 37. Is x(-62) a prime number?
False
Suppose 0 = -5*g - 4*j + 21965, 0 = g - j + 2*j - 4392. Is g a composite number?
False
Is (-30792629)/(-28) + -21 - (-3)/(-4) composite?
True
Suppose -54*j + 92010 = -44*j. Suppose 29*n = 32*n - j. Is n composite?
False
Is (3/4)/(-13 - 1499637/(-115356)) composite?
False
Let t(j) 